s of y.
3, 15937
What are the prime factors of (-94)/(-705) - (-473863)/15?
7, 4513
Suppose -351*z = -357*z - 3150. Let i = -299 - z. List the prime factors of i.
2, 113
Let k = -309 + 1999. Suppose 14*x = 9*x + k. List the prime factors of x.
2, 13
Let q(c) = -2*c + 42. Let m be q(10). List the prime factors of -4*(m/4 - 6).
2
Suppose 125 = 13*q - 8*q. Suppose q*n - 927 = 28*n. Let l = n - -455. What are the prime factors of l?
2, 73
Let q(s) = -4*s**2 - s - 3. Let y be q(-1). Let i(c) = -3*c + 3. List the prime factors of i(y).
3, 7
Let l be -1*(0/(-3) + 8). Let g be (l/(-28))/(22/7 - 3). Suppose -g*n + 59 = 5*v, -2*n + 7*n - 4*v - 65 = 0. What are the prime factors of n?
17
Let w(j) = 8*j**2 - 20*j + 4. Let b be ((-4)/8)/(1/8). List the prime factors of w(b).
2, 53
Let c(d) = -d**3 - 2*d**2 - 3*d - 29. Let h be c(-5). Suppose 19 = -2*m + h. What are the prime factors of m?
3, 7
Let a(j) = 30*j**2 + 2*j + 5. Let y(q) = 29*q**2 + q + 5. Let v(m) = -3*a(m) + 4*y(m). Suppose 11*c + 0*c - 22 = 0. What are the prime factors of v(c)?
3, 5, 7
Let g(x) = -x - 28. Let b be g(-10). Let o = b + 171. Let z = o - 73. What are the prime factors of z?
2, 5
Suppose -2*k - 172 + 28 = 0. Suppose -4*o - 2*p = 3*p - 711, 0 = 3*o + 2*p - 542. Let f = k + o. List the prime factors of f.
2, 7
Suppose 52 = 7*o + 24. Suppose 3*k + 2*k = o*i + 472, k - 100 = -2*i. List the prime factors of k.
2, 3
Suppose 2*r - 12634 = 4*h - 30, 4*h = 5*r - 31492. Suppose 11*m - 4055 = r. What are the prime factors of m?
941
Suppose 0 = 16*a - 15*a - 1. Let j be 3*3/9 + a/1. List the prime factors of 120 + j/(-15) + 406/(-105).
2, 29
Suppose -3*i - m + 177 = 0, i - 33 - 26 = 5*m. Suppose 1727 = i*u - 456. What are the prime factors of u?
37
Let u = -214 + 193. Let s = 238 + u. What are the prime factors of s?
7, 31
Let y(o) = 49*o**2 + 14*o + 8. List the prime factors of y(5).
1303
Let t(n) = n**2 - 11*n + 9. Suppose 0 = -2*d + 41 - 13. Let v be t(d). Suppose 3*l - 2*l = v. List the prime factors of l.
3, 17
Suppose -2*b = 3*o - 38890, -25929 = -2*o - 38*b + 39*b. List the prime factors of o.
2, 7, 463
Let b = 36 - 34. Suppose 0 = -3*q + 2*d + 274, q - b*d = 3*d + 100. List the prime factors of q.
2, 3, 5
Let p(a) = -38 + 6*a + 11*a + 3*a. Let c be p(4). Suppose -u + c = -45. List the prime factors of u.
3, 29
Suppose 0 = 78*k - 2*k - 4765124. List the prime factors of k.
7, 13, 53
Let d = -2074 - -7677. List the prime factors of d.
13, 431
Let y be 5*(-1)/(-10) - (-63)/14. Suppose -3*h = 5*i - 30, -4*h - 37 - 28 = -y*i. List the prime factors of i.
3
Let o = -32672 - -64895. What are the prime factors of o?
3, 23, 467
Suppose 5*o = 25, -5*o + 0*o + 30 = 5*i. Let b = i + -20. Let v = 0 - b. What are the prime factors of v?
19
Let h(z) = z**3 + 14*z**2 + 14*z + 5. Let a be h(-7). Suppose 16*i + 74 = a. What are the prime factors of i?
11
Suppose v + 111*i - 109*i = 4581, -5*i - 22860 = -5*v. List the prime factors of v.
3, 5, 61
Suppose -x - x = 0. Let q(z) = x*z**2 - z**2 - 23*z + 1 + 5*z. List the prime factors of q(-10).
3
Suppose -5*r + h = -0*h - 275089, 3*h = -2*r + 110005. What are the prime factors of r?
2, 13, 23
Let f(s) = 8*s**2 + 28*s + 8. Let y be f(-4). Suppose 583 + y = q. What are the prime factors of q?
607
Suppose 0 = 85*j - 92*j. Suppose p - w - 261 = j, 4*p = 3*w + 175 + 866. List the prime factors of p.
2, 3, 43
Suppose -q = 4*g + 9, 9 + 0 = -3*g. Suppose -1031 = -q*c + 580. What are the prime factors of c?
3, 179
Let a(g) = 2*g - 13. Suppose -7*y = -3*y - l - 12, -3*y = -3*l. Suppose n - y*x - 16 = 0, -5*x = -3*x. What are the prime factors of a(n)?
19
List the prime factors of 5 - (-24)/(-5) - 129748/(-10).
3, 5, 173
Let b be 22 + -21 - 4/(-2). Suppose 4*m + 3*n - 1444 = 0, -5*m + 388 + 1417 = b*n. What are the prime factors of m?
19
Let n be ((-4)/3)/((-28)/(-126)). Let t(f) = 9*f + 48. Let u be t(n). List the prime factors of 4 - ((-96)/9)/(u/(-63)).
2, 29
Suppose 2*i + 15*c - 17*c = 4342, -5*i - 4*c + 10891 = 0. Suppose -t = -8*u + 3*u - 725, 3*t + 3*u = i. What are the prime factors of t?
5, 29
Let f(u) = 4*u + 5. Let p(l) = 7*l + 9. Let q(c) = -5*f(c) + 3*p(c). Let x be q(-6). What are the prime factors of x + (-210)/(2 + -4)?
101
Let d(n) = -2*n**2 + 79*n + 71. Let x be d(36). Suppose x*y - 321*y - 1336 = 0. What are the prime factors of y?
2, 167
Let b = -63 - -66. Suppose -b*k - 104 = -16*k. Suppose -k*z = 60 - 756. List the prime factors of z.
3, 29
Let y = -14983 + 24899. List the prime factors of y.
2, 37, 67
Let y be 2 + 2 + (-14)/(-7). Let a = -286 + 125. Let r = y - a. List the prime factors of r.
167
Suppose -10*f + 8*f = 5*j - 15268, 3*f - 12 = 0. List the prime factors of j.
2, 7, 109
Let w = -612 - -1380. Suppose -3*a - f = -1108, 5*f + w = -4*a + 2238. List the prime factors of a.
2, 5, 37
Let o(u) = -u**3 + 61*u**2 + 190*u + 55. List the prime factors of o(-20).
5, 11, 521
List the prime factors of (1 - -8)*((-2)/(-4) + 70532/264).
3, 11, 73
Suppose 0 = 2*a - 10. Suppose 2*q = a*h + 832, 4*h + 1176 + 512 = 4*q. List the prime factors of q.
2, 3, 71
Suppose -453210 = -127*c + 112*c. What are the prime factors of c?
2, 15107
Let y = -10 - 20. Let d be ((-574)/12)/(-7) + (-5)/y. Let i(p) = p**3 - 6*p**2 + 4*p - 1. What are the prime factors of i(d)?
2, 19
Let m(z) = -z**3 - 26*z**2 + 3*z + 42. Let v be m(-28). Suppose -15*p + 29*p = v. What are the prime factors of p?
109
Let r(u) = -2*u + 22. Let c be r(9). Let x(d) = d**3 - 5*d**2 + 4*d - 2. Let j be x(c). What are the prime factors of (-177)/j + 1 + 3/6?
2, 3, 5
Suppose 3*k - 75 = -102. Let g = k + 2. List the prime factors of ((-8)/4)/(2/g).
7
Let t = 7429 + -4065. Suppose 2*l = 5*c - 8773, 1905 = 3*c + 4*l - t. What are the prime factors of c?
3, 5, 13
List the prime factors of (-93*1)/((-1657)/(-166) - 1510/151).
2, 31, 83
Let t(u) = -240*u + 5777. What are the prime factors of t(-116)?
33617
Suppose 9 = 3*k + 6. Let w be (-12)/4 - (k + 164). Let b = w - -240. List the prime factors of b.
2, 3
Suppose -z = -d + 26672, 38350 = 5*d - z - 95010. What are the prime factors of d?
2, 1667
Suppose 0 = -q + 1306 - 203. Let b = q + -641. What are the prime factors of b?
2, 3, 7, 11
Suppose 5*w + 4055 = 3*l - 3434, 0 = -5*l - 5*w + 12535. List the prime factors of l.
2503
Let l be -2*6/30 + 32/5. Suppose -16 = 14*a - l*a. List the prime factors of 11/((-3)/30*a).
5, 11
Suppose 2*n = 4*n - 4. Suppose i - 7 = -u - 2, 4 = -i + n*u. Suppose 3*d + 0*d - x - 563 = 0, -i*d = -4*x - 372. What are the prime factors of d?
2, 47
Let i = -6 - -18. What are the prime factors of (9290/(-15))/((-20)/i + 1)?
929
Let a(b) = 67*b**3 + 17*b**2 + 25*b - 8. List the prime factors of a(6).
2, 23, 331
Suppose 8 = -4*s + 12. Let z(y) = -y - 1. Let k(q) = q**3 - 6*q**2 - q - 14. Let a(g) = s*k(g) + 3*z(g). What are the prime factors of a(8)?
79
Let c(r) = -6*r**2 - 26*r + 66. Let m(z) = -z**2 - z. Let y(d) = c(d) - 8*m(d). What are the prime factors of y(5)?
2, 13
Let d = 90 - 86. Suppose -d*v + 1460 = 4*k - v, 0 = 5*k + 2*v - 1825. Let n = -134 + k. List the prime factors of n.
3, 7, 11
Let a be 1*((2 - -2 - 0) + -588). Let k = -335 - a. List the prime factors of k.
3, 83
Suppose 2*j + 8 = -3*v, 16 = -5*v - 2*j - 0*j. Let h(o) = -103*o - 22. List the prime factors of h(v).
2, 3, 5, 13
Suppose -f + 4*d = -36855, 788*f + 147431 = 792*f - 5*d. List the prime factors of f.
29, 31, 41
List the prime factors of -8*790*(-18 - 1035/(-92)).
2, 3, 5, 79
List the prime factors of (-73692)/(-16) + ((-21)/(-18))/(18/(-27)).
2, 1151
Let r = -53 + 104. Suppose 10 = r*d - 50*d. What are the prime factors of d?
2, 5
Let q(v) = -8*v**2 - 476*v - 12. What are the prime factors of q(-6)?
2, 3, 71
Let l = -13501 + 22937. List the prime factors of l.
2, 7, 337
What are the prime factors of ((-6363)/(-4))/((-310)/(-1240))?
3, 7, 101
List the prime factors of ((-44)/12 - -2)*(-473850)/26.
3, 5
Suppose d - 13607 = 2*g - 42569, 0 = -4*g + 4*d + 57912. List the prime factors of g.
2, 3, 17, 71
Let p = 8702 - -3839. List the prime factors of p.
12541
Suppose -s - 804 = 2*k, 4*k - 2*k + 2*s = -806. Let f = -152 - k. What are the prime factors of f?
3, 83
Let q = 91 + -82. Let p(v) = -q*v**2 + 9 - 25 + 13 + 48*v**2. List the prime factors of p(2).